is divided by 21?
13
Calculate the remainder when 31281 is divided by 12.
9
What is the remainder when 21123 is divided by 67?
18
What is the remainder when 70401 is divided by 138?
21
Calculate the remainder when 6614 is divided by 1355.
1194
What is the remainder when 50217 is divided by 2183?
8
Calculate the remainder when 12316 is divided by 822.
808
What is the remainder when 15858 is divided by 977?
226
Calculate the remainder when 5330 is divided by 744.
122
Calculate the remainder when 13366 is divided by 393.
4
Calculate the remainder when 24516 is divided by 3062.
20
What is the remainder when 5375 is divided by 226?
177
What is the remainder when 2809 is divided by 541?
104
Calculate the remainder when 55335 is divided by 55.
5
What is the remainder when 13145 is divided by 2621?
40
Calculate the remainder when 3831 is divided by 6.
3
Calculate the remainder when 19845 is divided by 1926.
585
What is the remainder when 16405 is divided by 117?
25
Calculate the remainder when 11057 is divided by 375.
182
Calculate the remainder when 1399047 is divided by 301.
300
Calculate the remainder when 590302 is divided by 208.
206
What is the remainder when 1384768 is divided by 93?
91
Calculate the remainder when 34 is divided by 28.
6
Calculate the remainder when 3075 is divided by 57.
54
Calculate the remainder when 48689 is divided by 94.
91
Calculate the remainder when 14964 is divided by 30.
24
Calculate the remainder when 26588 is divided by 42.
2
What is the remainder when 2576 is divided by 2567?
9
Calculate the remainder when 118827 is divided by 6.
3
Calculate the remainder when 1399 is divided by 128.
119
Calculate the remainder when 8446 is divided by 430.
276
Calculate the remainder when 9112 is divided by 4.
0
What is the remainder when 100328 is divided by 40?
8
Calculate the remainder when 4094 is divided by 4078.
16
What is the remainder when 1512266 is divided by 302452?
6
Calculate the remainder when 263942 is divided by 8.
6
Calculate the remainder when 127678 is divided by 112.
110
What is the remainder when 16945 is divided by 163?
156
What is the remainder when 16845 is divided by 41?
35
Calculate the remainder when 177 is divided by 39.
21
Calculate the remainder when 1664 is divided by 26.
0
Calculate the remainder when 41315 is divided by 617.
593
Calculate the remainder when 75946 is divided by 5841.
13
What is the remainder when 2644 is divided by 31?
9
Calculate the remainder when 370088 is divided by 26434.
12
What is the remainder when 2663 is divided by 752?
407
Calculate the remainder when 792526 is divided by 333.
319
What is the remainder when 7965 is divided by 543?
363
What is the remainder when 17801 is divided by 275?
201
What is the remainder when 14297 is divided by 1090?
127
What is the remainder when 2834171 is divided by 396?
395
What is the remainder when 43818 is divided by 1153?
4
What is the remainder when 3285 is divided by 157?
145
What is the remainder when 11739 is divided by 3889?
72
Calculate the remainder when 1167 is divided by 156.
75
Calculate the remainder when 503028 is divided by 786.
774
What is the remainder when 20340 is divided by 1083?
846
Calculate the remainder when 2264 is divided by 444.
44
What is the remainder when 41510 is divided by 2965?
0
What is the remainder when 40209 is divided by 247?
195
Calculate the remainder when 3212 is divided by 50.
12
What is the remainder when 59772 is divided by 35?
27
What is the remainder when 5215 is divided by 5075?
140
Calculate the remainder when 985 is divided by 938.
47
What is the remainder when 1542 is divided by 239?
108
Calculate the remainder when 13040 is divided by 449.
19
Calculate the remainder when 4540 is divided by 350.
340
Calculate the remainder when 592623 is divided by 3570.
3
What is the remainder when 8423 is divided by 951?
815
Calculate the remainder when 2576205 is divided by 47.
41
Calculate the remainder when 2692047 is divided by 75.
72
Calculate the remainder when 86702 is divided by 4334.
22
What is the remainder when 2096067 is divided by 147?
141
What is the remainder when 1744 is divided by 1728?
16
What is the remainder when 705691 is divided by 103?
38
What is the remainder when 541535 is divided by 6604?
7
What is the remainder when 77177 is divided by 77156?
21
Calculate the remainder when 3145 is divided by 1505.
135
What is the remainder when 661976 is divided by 1208?
1200
Calculate the remainder when 633511 is divided by 46.
45
Calculate the remainder when 14929 is divided by 2130.
19
Calculate the remainder when 126074 is divided by 15756.
26
What is the remainder when 14135 is divided by 2765?
310
Calculate the remainder when 26683 is divided by 32.
27
What is the remainder when 44344 is divided by 1369?
536
Calculate the remainder when 5127 is divided by 114.
111
Calculate the remainder when 2888 is divided by 443.
230
What is the remainder when 340 is divided by 11?
10
What is the remainder when 2738 is divided by 95?
78
What is the remainder when 89316 is divided by 20?
16
What is the remainder when 860635 is divided by 55?
50
Calculate the remainder when 4076 is divided by 40.
36
What is the remainder when 17515 is divided by 439?
394
What is the remainder when 8620 is divided by 3?
1
What is the remainder when 27195 is divided by 9058?
21
Calculate the remainder when 11269 is divided by 426.
193
Calculate the remainder when 140261 is divided by 487.
5
Calculate the remainder when 55224 is divided by 15.
9
Calculate the remainder when 267 is divided by 11.
3
What is the remainder when 4554 is divided by 1482?
108
Calculate the remainder when 2270654 is divided by 31.
28
Calculate the remainder when 5775 is divided by 2827.
121
What is the remainder when 95928 is divided by 27?
24
What is the remainder when 42301 is divided by 64?
61
Calculate the remainder when 5505 is divided by 694.
647
Calculate the remainder when 25743 is divided by 159.
144
Calculate the remainder when 22458 is divided by 94.
86
Calculate the remainder when 33202 is divided by 339.
319
Calculate the remainder when 7814 is divided by 12.
2
What is the remainder when 50414 is divided by 50366?
48
Calculate the remainder when 359115 is divided by 80.
75
What is the remainder when 200008 is divided by 24?
16
Calculate the remainder when 700738 is divided by 233577.
7
Calculate the remainder when 5500629 is divided by 6.
3
Calculate the remainder when 16628 is divided by 264.
260
Calculate the remainder when 1561 is divided by 757.
47
What is the remainder when 647866 is divided by 170?
166
Calculate the remainder when 1618406 is divided by 1166.
1164
What is the remainder when 2069 is divided by 74?
71
Calculate the remainder when 53698 is divided by 441.
337
What is the remainder when 234545 is divided by 459?
455
What is the remainder when 9963 is divided by 19?
7
Calculate the remainder when 30337 is divided by 120.
97
What is the remainder when 6751 is divided by 62?
55
Calculate the remainder when 17932 is divided by 168.
124
What is the remainder when 11824 is divided by 910?
904
What is the remainder when 44814 is divided by 606?
576
Calculate the remainder when 3941777 is divided by 213.
212
Calculate the remainder when 211516 is divided by 320.
316
Calculate the remainder when 127411 is divided by 42436.
103
Calculate the remainder when 47664 is divided by 394.
384
Calculate the remainder when 162435 is divided by 2.
1
Calculate the remainder when 54840 is divided by 99.
93
What is the remainder when 6156 is divided by 6015?
141
What is the remainder when 589 is divided by 165?
94
What is the remainder when 54813 is divided by 6?
3
Calculate the remainder when 339 is divided by 22.
9
Calculate the remainder when 169266 is divided by 97.
1
What is the remainder when 646 is divided by 131?
122
What is the remainder when 4415038 is divided by 20?
18
What is the remainder when 570 is divided by 55?
20
What is the remainder when 837 is divided by 280?
277
Calculate the remainder when 236404 is divided by 116.
112
What is the remainder when 60349 is divided by 702?
679
What is the remainder when 228 is divided by 119?
109
Calculate the remainder when 4027 is divided by 318.
211
What is the remainder when 136196